10
Let s(c) = -c**2 + 34*c - 5. Let j(b) = b**3 + 8*b**2 + 7*b + 3. Let x be j(-6). Let g be s(x). What is the greatest common factor of 238 and g?
14
Let b be (0 + -1)*-178 - 2. Let s(k) = -14*k**3 + 169*k**2 - 6*k - 24. Let l be s(12). Calculate the highest common divisor of l and b.
16
Let l(z) = z**2 + 2*z + 3157. Let m be l(0). Let a be 8/7*m/22. Calculate the greatest common divisor of 123 and a.
41
Let o = -4475 - -4819. Calculate the greatest common divisor of o and 8.
8
Let v be (((-32)/64)/((-1)/202))/((-2)/(-8)). What is the highest common divisor of v and 24?
4
Let g = 269 - -345. Let t = 861 - g. What is the highest common divisor of 13 and t?
13
Let j be (-24)/(-330)*5 - 1788/(-44). What is the highest common divisor of 1927 and j?
41
Let u be 90/((-9)/3)*28/(-6). Suppose -2*b = -u + 38. What is the greatest common factor of b and 68?
17
Let m(k) = 2*k**3 + 44*k**2 - 8*k + 2. Let o be m(-22). Let j(i) = 5*i**2 + 4*i - 49. Let a be j(-12). Calculate the greatest common divisor of a and o.
89
Let q(o) = -o + 3. Let i be q(-5). Suppose -28*f - 27*f - 30061 + 33581 = 0. Calculate the highest common factor of i and f.
8
Suppose -153*y = -325*y + 111*y + 10980. What is the greatest common divisor of y and 576?
36
Let s be ((-120)/(-210))/(2/35 - 0). Let p be s/3*11/((-22)/(-30)). What is the highest common factor of p and 450?
50
Suppose -19710 = -1105*r + 1075*r. Calculate the greatest common factor of 1095 and r.
219
Let l(t) be the first derivative of 3*t**2/2 - 5*t + 40. Let g be l(5). Suppose -3*r + 17 = -58. Calculate the highest common factor of g and r.
5
Let a = -714 - -721. Let p = 595 - 406. Calculate the highest common divisor of a and p.
7
Suppose -s + 474 + 339 = -w, 0 = 3*s + 5*w - 2399. What is the greatest common divisor of s and 1717?
101
Let k(b) = -2*b**2 + 76*b - 593. Let l be k(27). Calculate the greatest common factor of 383 and l.
1
Let c be ((-965)/(-2))/(6/45*60/432). Calculate the greatest common factor of c and 135.
135
Let v(y) = -50*y - 91 + 10*y - 110 + 77 - 66. Let n be v(-25). What is the greatest common divisor of n and 36?
18
Let i = 38635 - 13818. Suppose 13*o = -10*o + i. What is the highest common divisor of 13 and o?
13
Let n be 2488 + -1 + (12 - 10). Calculate the highest common divisor of n and 19.
19
Suppose 6*o = 2*o - 4*x - 4, 5*o = x + 19. Suppose f - 3*l = -3*f + 692, 540 = 3*f + o*l. What is the greatest common divisor of f and 16?
16
Let i = -40721 + 62544. Calculate the highest common factor of i and 157.
157
Let q = 388 + -154. What is the greatest common factor of q and 4797?
117
Suppose d - 3763 = 3*g - 8*g, 4*g - 3006 = -3*d. What is the greatest common factor of 6 and g?
3
Let x be (4/3 - 2)*276/(-8). Suppose x*b + 132 = 25*b. Suppose b = 2*r + 18. What is the greatest common factor of 8 and r?
8
Suppose 3*k + 2*y - 1420 = 0, 5*y - 127 = -2*k + 816. Calculate the highest common divisor of 2528 and k.
158
Suppose -9 = -2*j + 1, 3*j + 195 = 5*f. Let p be ((-28)/(-42))/(1/(-3)) + 14. What is the greatest common factor of p and f?
6
Let n be (-893)/((700/(-40))/35). Calculate the highest common factor of n and 114.
38
Suppose 330*s - 318*s = 4008. Calculate the highest common factor of 22 and s.
2
Let z(j) be the second derivative of 1/6*j**3 - 20*j + 4*j**2 + 0. Let k be z(-1). Calculate the greatest common factor of k and 28.
7
Let d(o) = o**2. Let y be d(0). Suppose -n = h - 6, 4*h - n + 4*n - 25 = y. Calculate the greatest common divisor of 14 and h.
7
Suppose -808 = -33*t + 25*t. Let z = t - 65. Calculate the greatest common factor of 162 and z.
18
Suppose -2*o - 26 = 2*v - 50, 5*v - 4*o - 15 = 0. Let a = 439 - 215. What is the greatest common factor of a and v?
7
Let q = -2269 + 6006. What is the highest common factor of 37 and q?
37
Let j = -53 - -81. Let s be (-8)/(16/162) - (2 - 3). Let a be 2940/s*16/(-3). Calculate the highest common factor of a and j.
28
Let t = -267 + 270. Let l be -3 + 0 + (3 - -2). Suppose -18 = -4*y + l*z, -2*y + 4*z = z - 3. Calculate the greatest common factor of y and t.
3
Let l = 2530 + -2485. Let h be 18*-4*(-3)/8. What is the greatest common factor of l and h?
9
Let r be 6/10 + 95226/2690. What is the greatest common divisor of r and 9162?
18
Let p = 205 + -109. Suppose -4*f + 52 = 2*n - 16, 5*f - 3*n - p = 0. What is the highest common divisor of 2 and f?
2
Suppose 66 = 3*t - t. Let r = -668 - -734. What is the highest common factor of r and t?
33
Let a(c) = -c**2 + 32*c - 207. Let f be a(23). Suppose -u + 4 = f, -2*h - 3 = 3*u - 49. Calculate the highest common divisor of 459 and h.
17
Let z(l) = 2*l**3 - 5*l**2 + 2*l + 5. Let t be z(0). Suppose 4*g - 8 = 3*v - 3, t = 2*g - v. Calculate the highest common factor of g and 1.
1
Let v(p) = p**2 - 207*p - 12380. Let t be v(-49). Calculate the greatest common factor of t and 820.
164
Let q = 327 - -365. Suppose -17*k + 889 = -q. Calculate the greatest common factor of k and 3.
3
Let z = 18344 - 15218. What is the highest common divisor of 6 and z?
6
Let d(x) = x**2 + 8*x + 23. Let a be 2/(6/39)*(-1 - 0). Let l be d(a). Calculate the highest common factor of 33 and l.
11
Let y(z) = z**2 - 9*z - 10. Let v be y(8). Let n = v + 34. Let r be -20*(-95)/38*(-8)/(-10). Calculate the highest common factor of r and n.
8
Let o be (-8)/(15 + -7 - 7) - (-2 - 198). Calculate the highest common divisor of o and 648.
24
Suppose 4*f + 26 = 3*z, 5*f + 17 - 9 = 2*z. Calculate the greatest common divisor of 238 and z.
14
Let y = -810 + 1870. What is the greatest common factor of y and 80?
20
Suppose 3*h = 2*g + 411, -465*h = -461*h + 3*g - 514. Let l(y) = -y**3 - 7*y**2 + 2*y + 9. Let c be l(-8). Calculate the greatest common divisor of c and h.
19
Suppose -310*u + y = -313*u + 10294, 5*u + 4*y - 17152 = 0. Calculate the highest common divisor of u and 60.
12
Let g be (147/(-56))/((-23)/184). Suppose 5*w + 8 = 4*q, 29 = -3*q - 3*w - 2*w. Let n be (5 - 497/g)/(1/q). What is the highest common factor of n and 8?
8
Let r = -13763 + 18291. Calculate the highest common divisor of 4 and r.
4
Let m = 118 + -56. Let b be (48/(-40))/((-27)/45). What is the greatest common factor of m and b?
2
Suppose 54 = 3*k + 3*c, -2*k + 1173 - 1133 = 3*c. What is the highest common factor of k and 278?
2
Let b(m) = -m**3 - 19*m**2 - 19*m - 4. Let w be b(-18). Let y = -1047 + 1117. What is the greatest common divisor of w and y?
14
Let n = -23073 + 23538. Calculate the highest common divisor of 1674 and n.
93
Let u(c) be the third derivative of c**4/3 + 52*c**3/3 + 37*c**2. Let v be u(16). What is the greatest common divisor of 58 and v?
58
Let k be (-49 + 63)*(4 - 51/(-6)). Calculate the greatest common factor of k and 70.
35
Let k be 3/(6/68) + 2. Let s = -199 - -221. Suppose -s*y + 671 = -649. Calculate the highest common divisor of k and y.
12
Suppose 39 = 3*y - 42. Let o be (8/(-40))/((-12)/540). What is the greatest common divisor of y and o?
9
Let x be (1/3)/(10/150). Suppose a + 8 = 2*f, 2*a + 5 + x = f. Suppose 2*n = -f*g + 28, g - 33 + 87 = 3*n. What is the greatest common factor of 119 and n?
17
Let v be 1 + -6 - 96/(-6). Let x(h) = 53*h + 2. Let f be x(4). Let k = -126 + f. Calculate the greatest common divisor of v and k.
11
Suppose -a - u + 34 = 3, 4*a + 3*u - 125 = 0. Calculate the highest common divisor of a and 808.
8
Suppose 6*t = 336 + 3438. Let b be (2 + -6)*629/(-148). Calculate the greatest common factor of b and t.
17
Let l(d) = 11*d + 326. Let m be l(-18). What is the highest common divisor of m and 8?
8
Suppose -37*j + 42*j = 885. Let k = j - 173. What is the highest common divisor of 4 and k?
4
Suppose -3*b = -18 - 27. Suppose 37*g - 18 = 31*g. Let s be 4 + g/(-1) + 119. What is the highest common divisor of s and b?
15
Suppose -4*x - 38 = 6*u - u, 0 = 4*x + 8. Let c(z) = z**3 + 9*z**2 + 17*z + 18. Let i be c(u). Calculate the highest common divisor of i and 104.
8
Suppose 0 = -3*n - 4*n + 3293 - 647. Calculate the highest common factor of n and 2160.
54
Suppose 2*d - 2 = 38. Let t be ((-13)/13 - 6/(-8))*-4. Let i be 19 + (t + (-2)/(-6))*-3. Calculate the greatest common divisor of i and d.
5
Suppose -7*y + 64 = -4*g + 137, 3*y = -21. Calculate the greatest common divisor of g and 6738.
6
Let f(h) = -2*h - 104. Le